1. Is i(5) composite?
True
Suppose 3 = 3*b - 9. Suppose 9040 = b*f - 46172. Is f/27 + (-4)/18 a composite number?
True
Let b(p) = 24*p - 1. Suppose 3*x - 3 = 3. Let u be b(x). Suppose 3*o - 132 = -o + 2*a, u = o + 3*a. Is o a prime number?
False
Suppose -5*q - 1819 = -6*q + 5*w, 0 = 5*q - 5*w - 9015. Is q a prime number?
False
Let d(j) = 5*j**2 + 4*j - 8. Suppose -6*o + 5*o = 5. Is d(o) prime?
True
Suppose 11118 = 3*y - 3*d, 4*y + 2*d - 11123 = y. Is y composite?
True
Let v(i) = 3 - 6*i**2 + i**2 + 22*i**2 + 2*i. Suppose 5*s + 10 = -2*t, 0 = -5*s - 5*t - 2 - 8. Is v(s) composite?
False
Suppose 0 = -2*t + i + 562, 0*i - 5*i = -5*t + 1415. Let b = t - -2200. Is b prime?
False
Suppose -4*c = 3*f + 2*f - 27, 3 = 3*c - 2*f. Is ((-2)/c*-807)/(12/30) composite?
True
Let c(d) = -d**3 - d**2 - 1. Let g(o) = -47*o**3 - 5*o**2 + 5*o - 2. Let k(v) = 2*c(v) - g(v). Is k(3) prime?
False
Let l = 7775 + -778. Is l a prime number?
True
Suppose -13 - 32 = 3*j. Is (-2907)/j - 2/(-10) a prime number?
False
Suppose 37505 = 5*n + 3*b, 10*n + 4*b - 37500 = 5*n. Suppose 7*q - 7567 = n. Is q composite?
False
Let i be 1/(4/(-313)) - (-1)/4. Let s = i + 221. Is s composite?
True
Let w = 3027 + 668. Is w prime?
False
Let f(m) = 4*m - 5*m + 2*m + 394*m**2 + 866*m**2 - 2. Is f(1) a prime number?
True
Let r = -4764 - -9325. Is r a prime number?
True
Let o be (0 + 10)*((-25)/10 + 2). Let z(g) = 2 - 2 - 12*g - 2. Is z(o) a composite number?
True
Suppose 16*h = 12*h - 16. Let w be 6/h*(2 - 4). Suppose 2*b - 3*m + 86 = w*b, -3 = -3*m. Is b composite?
False
Let g(x) = 5*x**2 + 2*x - 6. Let l be g(9). Suppose -o + l = 2*o. Is o a prime number?
True
Let a(w) be the first derivative of -89*w**4/2 - w**2 - w + 36. Let c be (-2)/7 - 10/14. Is a(c) prime?
True
Let v = 2327 + 44. Is v prime?
True
Let k(f) = -65*f - 2. Let w be k(-2). Suppose 0 = -0*z - z. Suppose 3 = -3*j, -g = -j - z*j - w. Is g composite?
False
Suppose 3*u = 0, -5*u - 12 = c - 45. Let n = c + 2. Is n a prime number?
False
Let p be ((-15)/(-9))/((-1)/(-3)). Is (-38)/95 + 19717/p a composite number?
False
Suppose -2*j + 6*j = 0. Suppose -2*v + 4 = -2. Suppose 5*z = 3*u - 66 - 19, v*u + 3*z - 117 = j. Is u composite?
True
Let b(n) = -n**3 + 5*n**2 - 6*n. Let z be b(3). Suppose -5*t + 4607 = -2*a, -1 + z = a. Is t composite?
True
Let i = -124 + 136. Is 18/i*2/(-3)*-1779 a prime number?
False
Suppose 81*s - 812250 = 2367. Is s composite?
True
Suppose -508*b + 511*b - 69351 = 0. Is b prime?
True
Suppose 4*q - a - 211 = 0, -3*q = -0*q + 3*a - 147. Suppose -5*k = -k + q. Let f(w) = -w**2 - 20*w - 14. Is f(k) a composite number?
True
Suppose 20*j - 1498 = 27*j. Is (40/(-15) + -1)*(j + 1) composite?
True
Let i = 25764 - 12455. Is i a composite number?
False
Let x be 1*411 + -2 - (5 - 2). Suppose -4*i = -6*i + x. Is i prime?
False
Let o(l) = l**3 + 9*l**2 + 8*l + 2. Let z be o(-8). Suppose -z*f + 1019 = 5*h - 710, 0 = -5*f - h + 4265. Suppose 6*p = 360 + f. Is p composite?
True
Let k = 1226 - 398. Suppose w - k - 23 = 0. Is w a prime number?
False
Let y(k) = 555*k**2 + 2*k - 47. Is y(8) a composite number?
True
Let x = -4 - -8. Suppose 0 = 2*r + 4*q - 330, 8*r - 3*r - 750 = 5*q. Suppose x*v + v = r. Is v prime?
True
Suppose -6*l + 5*l = -4*w + 597, 464 = 3*w - 4*l. Suppose 0 = d + y + 3, 4*d - 6 = -0*y + 2*y. Suppose 3*t - t - w = d. Is t a prime number?
False
Suppose -101*y = -119*y + 343854. Is y a composite number?
True
Let f be (24/9)/(4/29010*5). Is (2/(-4))/((-2)/f) a composite number?
False
Is (9*10/135)/((-2)/(-2865)) a composite number?
True
Suppose 0 = -2*v + 2433 + 39577. Is v composite?
True
Let q(o) = 124*o**2 + 8*o + 29. Suppose 0 = 4*w + 4*r - 4, -5*w - 5*r - 3 = -2*r. Is q(w) prime?
False
Suppose -18 = 3*g - 129. Is g a composite number?
False
Suppose c - 918 = -149. Is c a composite number?
False
Suppose -6682 = 3*m - 4*m + 2*d, -2*m - 2*d + 13370 = 0. Suppose 0 = 3*q + 3*q - m. Is q a prime number?
False
Let c(u) = -u - 4. Suppose 2*z - 19 = -5*r - 6, 0 = 2*z + 3*r - 3. Let w be c(z). Suppose -w = -2*l + 112. Is l a composite number?
True
Let u(r) = 4*r + 1257 - 8*r + 3*r + 2*r. Is u(0) a prime number?
False
Let b = 827 + 4472. Is b composite?
True
Suppose 0 = -0*t + 5*t - 3370. Let f = t + -1344. Is 8/(-24) - f/3 a composite number?
False
Let h = 13213 + 6160. Is h a prime number?
True
Let m(y) = 67*y**2 + 30*y - 372. Is m(13) composite?
True
Suppose -4*j + 66986 + 772298 = 0. Is j composite?
False
Suppose 2*d - 1272 = 1486. Is d prime?
False
Suppose -4*h = -u - 117 + 21, 5*u + 55 = 3*h. Suppose 34*t - h*t - 4014 = 0. Is t prime?
False
Suppose 0*p = p - 4*b - 16, -2*p + 4*b + 24 = 0. Let s = 87 - p. Is s composite?
False
Let n(h) = 1350*h - 341. Is n(4) a composite number?
False
Let j be 6/14 - 108/(-42). Let b = 2 + j. Suppose b + 16 = i. Is i prime?
False
Is 190358/20 - (-4)/40 a prime number?
False
Suppose 5*h - 4*u = 37, 2*h - 13 = -3*u + 4*u. Suppose 0*p + p + 4*i = -69, 3*p - h*i + 207 = 0. Let m = -46 - p. Is m a composite number?
False
Let s(b) be the second derivative of -71*b**5/20 + b**4/6 + b**3/3 + b**2/2 + b. Let i be s(-2). Suppose i = 4*p - p. Is p composite?
False
Let a(j) = 63*j**2 + j - 7. Suppose 3*d - 22 = 2*g, -3*d + 4*g + g + 19 = 0. Let b = -11 + d. Is a(b) composite?
False
Suppose -5*c + 11 + 1 = -4*d, 0 = 3*c + d - 14. Is 2*c/((-40)/(-5965)) composite?
False
Let h(p) = 10*p - 114*p**3 + 7*p**2 - 7 + 55*p**3 + 62*p**3. Is h(10) prime?
True
Let z(x) = x**3 - 11*x**2 + 29*x + 13. Let v be z(18). Suppose -3*s + 2*n + 3331 = -874, 2*s - n - v = 0. Is s prime?
False
Let o = -98 + 100. Suppose -3*d + 338 = -5*u, 4*d + o*u - u = 420. Is d a composite number?
True
Is (116/(-20))/((-26)/401570) a prime number?
False
Let x be (-1 - 0) + -2*9/(-6). Let v(n) = 15*n**3 + 3*n**2 - n - 3. Is v(x) composite?
False
Let l = -240 + 6669. Is l a composite number?
True
Let s = 24 + 33. Let x = s + -101. Let z = -29 - x. Is z a prime number?
False
Let f(b) = b**3 + b**2 - 7*b + 1. Let s be 6/(3/6 + 1). Suppose 2*z = -y + 12, 5*y - z = -s*z + 39. Is f(y) a prime number?
True
Suppose -2*p = 4*w - 4, -5*p + w + 33 - 1 = 0. Let z(g) = g**2 - 3*g - 12. Let x be z(p). Suppose 996 = x*y - 342. Is y a composite number?
False
Is -4*2/(-48) + 122501/6 composite?
True
Suppose 5*b - 1684 = 3*k, b - 359 + 27 = -k. Let w = 654 - b. Is w a prime number?
False
Let a(n) = 2*n**2 + 5*n + 5. Let z be a(-1). Suppose z*k = 4*i + 2454, -2*i = 2*k + 2*i - 2454. Is k prime?
False
Let y(p) = 745*p - 61. Is y(3) a composite number?
True
Suppose 0 = -62*a + 38*a + 221496. Is a a composite number?
True
Let m(w) = 5620*w**3 + 2*w**2 - w - 1. Let l be m(1). Suppose 4*y = -f + 5605, 4*f = 5*y - 9*y + l. Let c = -433 + y. Is c prime?
True
Suppose -4 = c - 3, 424 = 3*o + 2*c. Let f = o - -2081. Is (-1 - f)/(-4) - 3 a composite number?
True
Suppose o = -5*i + 379, 0*i + 5*o + 355 = 5*i. Let s be (-6)/(-39) - (-18384)/156. Let j = s - i. Is j a composite number?
False
Is (3273/6 + -2)/((-22)/(-836)) a composite number?
True
Let i be (-4)/(-18) + 110/(-9). Let f = i + 38. Suppose -f = -5*x + 9. Is x prime?
True
Suppose 46*f + 6620 = 51*f. Suppose -5*w + f = -w. Is w prime?
True
Let z = -8309 - -437. Is (-6)/30 - z/10 a composite number?
False
Suppose -20*s - 5*f - 4801 = -21*s, 8 = -4*f. Is s composite?
True
Let k(s) = s**3 + 6*s**2 - 6*s + 6. Let w be k(-7). Is w/2 + (-3975)/(-2) a composite number?
False
Suppose c - 3*c = b - 631, 0 = 2*b + 2*c - 1266. Suppose 0 = -43*k + 38*k + b. Is k a prime number?
True
Let m(c) = -38*c - 3. Let x be m(-4). Let z be 54/(-2)*(-276)/18. Suppose 0 = -5*s + z - x. Is s a composite number?
False
Suppose -2*d = 2*y - 41188, -4*y = -3*d - 68097 - 14272. Is y a composite number?
False
Let b be (8/(-10))/((-8)/(-20)). Let s(g) = -31*g - 3. Let r be s(b). Suppose r + 38 = m. Is m a prime number?
True
Let l(n) = n**2 - n - 6. Let a be l(-4). Is 9735/7 - (-4)/a a prime number?
False
Let j(s) = 25*s + 9. Suppose -g + 2*w - 5 = -44, 8 = -4*w. Suppose -5*q + 5 = 0, -6*u + 5*q = -u - g. Is j(u) composite?
True
Let f = -563 - -944. Is 1/((7 + -4)/f) prime?
True
Suppose -r + 80 = -6*r + 2*n, 4*n = 0. Is (-814)/(-4) - r/(-32) composite?
True
Let h be (13989/12)/(2/8). Suppose 3*o - h = 5*g, -4*o + 5333 + 863 = 4*g. 